 when m is divided by q(1)?
5
Suppose -5 - 25 = -4*i - 5*q, 0 = 4*i - 2*q - 44. Calculate the remainder when i is divided by 4.
2
Let f be 0*-2*1/4. Let u = f - -22. What is the remainder when u is divided by 1/((-10)/(-24))*5?
10
Suppose 3*i = -4*n + 4 + 3, 0 = 5*n + 2*i - 14. Suppose 3 = 3*x - n*t, 4*x - 8 = 6*t - 2*t. Let s = 6 + -4. What is the remainder when x is divided by s?
1
Suppose 4*x + c - 305 = 0, 2*x + 4*c + 55 = 3*x. What is the remainder when x is divided by 20?
15
Let x = -13 + 25. What is the remainder when (-2)/8 + (-170)/(-8) is divided by x?
9
Let k be (-5)/(-10)*(-1 - -5). Suppose 0 = z + 3*z - 3*o - 83, 4*z - k*o = 78. What is the remainder when 50 is divided by z?
16
Let c = 26 + -31. Let w(l) = -13*l**2 + l - 6. Let t be w(-6). What is the remainder when 55 is divided by 1/c + t/(-25)?
17
Let y be (4/3)/(2/(-33)). Let t = 41 + y. Suppose -2*b - 6*o = -o + 14, -b + 4*o = -t. What is the remainder when 7 is divided by b?
1
Let u(x) = x**3 + 10*x**2 + 4*x - 9. Suppose j + 6 = -3. Suppose -4*v - 4*l = -84, -v + 4*l - 3 + 14 = 0. What is the remainder when u(j) is divided by v?
17
Suppose 0 = x + 3*r - 3, -5*x - 5 = -r - 68. Suppose f - 6*f = -35. Calculate the remainder when x is divided by f.
5
Let k = 43 + -26. Suppose -4*a + k = -15. Calculate the remainder when ((-2)/6)/(a/(-120)) is divided by 3.
2
Let u(h) = -h - 10. Let y be u(0). Let r = 60 - 31. Calculate the remainder when r is divided by 77/5 - (-4)/y.
14
Suppose -m = -s + 3*m + 20, -154 = -5*s + 2*m. What is the remainder when s is divided by 17?
15
Let x be 2*(0 - 2 - 2). Let n = -5 - x. Suppose 6 = n*s - 15. Calculate the remainder when s is divided by 3.
1
Let z be 10/15 + 20/6. Suppose -z*j - 55 = -9*j. What is the remainder when 30 is divided by j?
8
Suppose m + 9 = l - 4*m, -5*l = -5*m + 15. Let d be (l/(-5))/((-3)/10). What is the remainder when 31 is divided by ((-11)/(-2))/((-2)/d)?
9
Suppose -3*a = -2*a - 3. Let z be 6/21 - (-26)/7. Suppose 5*c + 2*h = 2 + 13, z*h + 10 = -2*c. What is the remainder when c is divided by a?
2
Let f = -106 + 116. What is the remainder when 29 is divided by f?
9
Let g(w) = -6*w - 2 - w + 2 - w**2 + 11. Let s be g(-8). Suppose 0 = -2*c + s*z + 45, -4*c + 4*z + 0*z = -96. What is the remainder when c is divided by 15?
12
Suppose 2*s = -3*u + 98, 0*s = 5*s - 4*u - 245. What is the remainder when s is divided by 26?
23
Let r(g) = 2*g**3 - 7*g**2 + 12*g + 5. What is the remainder when r(6) is divided by 43?
42
Let m = -52 - -56. Suppose -3*c + 10 = 4*r, 5*c + 0*r = -3*r + 24. Suppose m*z + c = 114. What is the remainder when z is divided by 14?
13
Calculate the remainder when (-4)/40*4*-125 is divided by 13.
11
Calculate the remainder when 45 is divided by (2 + 1)/((-4)/(-32)).
21
Let p = 3 - 1. Suppose 0 = 2*s - 4*h - 84, 193 = 6*s - p*s - 3*h. Calculate the remainder when s is divided by 18.
16
Let n = 9 + -5. Let l = -3 + n. Calculate the remainder when l is divided by 2/(-3)*3/(-2).
0
Let z = 2 - -4. Calculate the remainder when z is divided by 3.
0
Suppose 23 = -d + 44. Calculate the remainder when 39 is divided by d.
18
Let h(t) = -t**3 - 13*t**2 - 14*t + 1. Calculate the remainder when 72 is divided by h(-12).
22
Let o(c) = -20*c + 2. Let z be o(-6). Let q = 87 - z. Let n = -16 - q. What is the remainder when 37 is divided by n?
18
Let k be ((-231)/22)/((-6)/(-16)). Let r = k - -56. What is the remainder when 82 is divided by r?
26
Suppose -5*j + 3 + 57 = 0. Suppose -r + 11 = 2*h, 3*h - 2*r - 15 = -4*r. What is the remainder when j is divided by h?
5
Suppose 0*z + 9 = l - 2*z, -4*z = 3*l - 77. What is the remainder when l is divided by 10?
9
Suppose -13*z + 10*z = c - 98, 5*c = -3*z + 94. What is the remainder when z is divided by 19?
14
Let f(h) = -2*h**2 + 2. Let o be f(-2). What is the remainder when 26 is divided by o/(-4)*(-28)/(-6)?
5
Suppose -x + 1 = -34. What is the remainder when x is divided by 12?
11
Suppose -4*d + 32 = 4*f, 2*d + 34 = 4*d - 4*f. Calculate the remainder when d is divided by 7.
4
Let r = -27 - -49. Calculate the remainder when r is divided by 5.
2
Let d(k) = -6*k + 3. Let w be d(3). Let s = -13 - w. Calculate the remainder when 2 is divided by s.
0
Suppose -3 = 2*c - 3*c. Calculate the remainder when (-1 - (1 - c)) + 21 is divided by 12.
10
Suppose 0 = 5*m - 4*j - 85, m = 4*j + j - 4. What is the remainder when m is divided by 11?
10
Let r = 112 + -72. Calculate the remainder when 277 is divided by r.
37
Suppose -48 = -4*j + 4*f, 2*j - 4*f = -7*f + 24. What is the remainder when 58 is divided by j?
10
Let t(n) = -3*n**2 - 1 - 7*n + n**3 + 3*n**3 - 5*n**2 - 5*n**3. Let w(c) = 3*c + 1. Let r be w(-3). What is the remainder when t(r) is divided by 19?
17
Let c(p) = -2*p - 13. Let f(q) = -q**3 - 3*q**2 + 4*q + 3. Let j be f(-2). What is the remainder when 14 is divided by c(j)?
4
Suppose 5*g + 32 = 3*h, -2*h - 4*g = -3*g - 17. Suppose -101 = -5*b - 4*t, -2*t - 5 = -b + 4. Calculate the remainder when b is divided by h.
8
Let b = 23 + 49. What is the remainder when b is divided by 19?
15
Let s be -1*(0 + 1 + -1). Suppose -i - 2*x - 3 = s, -3*i + 0*x - 4*x - 3 = 0. Calculate the remainder when 2 is divided by (-4)/6*i/(-2).
0
Let p = 66 + -28. Calculate the remainder when 150 is divided by p.
36
Let j be ((1 - 7) + 3)*-1. Suppose w + w - 54 = 0. Suppose j*y = -3*k + w, -4*k + 8 = -3*y - 7. What is the remainder when 16 is divided by k?
4
Let p = -7 + 10. Suppose -4*g + p = -29. Suppose q = -0*q + g. Calculate the remainder when 23 is divided by q.
7
Let v(o) = -36*o**3 - 1. Let w be (33/(-2))/((-2)/4). Suppose -5*q + 27 + w = 0. Calculate the remainder when v(-1) is divided by q.
11
Let p(x) = x**2 - 49. Suppose -58 + 14 = -4*n. Let q(d) = -3*d**2 + 146. Let o(b) = n*p(b) + 4*q(b). What is the remainder when o(0) is divided by 16?
13
Suppose 3*z + 16 = r, -r + 2*z - 16 = 7*z. What is the remainder when 6 is divided by r?
2
Suppose 4*b = -p + 60, -46 = -3*b + p - 2*p. Calculate the remainder when 26 is divided by b.
12
Let h be -21*2*(-20)/24. Calculate the remainder when 53 is divided by 14/h - (-136)/10.
11
Suppose 4*f - 4*n = 76, -2*f - 2*n - 12 + 34 = 0. What is the remainder when f is divided by 8?
7
Suppose -39 = -4*f - 3. Let v = -4 + f. What is the remainder when 7 is divided by v?
2
Let k(y) = -14*y + 3. Calculate the remainder when k(-13) is divided by 17.
15
Suppose -3*y + 48 = 5*y. Calculate the remainder when 65 is divided by y.
5
Suppose 2*t = 5*b - 55, -3*t = b - 2*b + 24. Calculate the remainder when 29 is divided by b.
2
Let g be ((-16)/(-20))/((-1)/5). Let x be 3/2 - g/8. Suppose -4*j = x*y - 18, 0 = -y - 8*j + 3*j + 15. Calculate the remainder when y is divided by 2.
1
Suppose 0 = d - 4 - 5. What is the remainder when d - -4 - 0/2 is divided by 5?
3
Suppose 4 = m, a + 4*a = m + 66. Let s(t) = -2*t - 4. What is the remainder when s(-14) is divided by a?
10
Suppose -36 = -6*f - 0. What is the remainder when 17 is divided by f?
5
Suppose 13 - 7 = -3*t. What is the remainder when 46 is divided by 2 + 8 + t/(-1)?
10
Let y(x) = -11*x**3 - 2*x**2 - 2*x - 1. Let r be y(-1). Suppose i + r = 3*i. Let d = i + -3. What is the remainder when d is divided by 1?
0
Let r = 122 + -67. Let b = 43 - 28. Let k = 34 - b. Calculate the remainder when r is divided by k.
17
Let o(r) = 8*r + 3. Let a be o(3). Let g = -13 + a. What is the remainder when 54 is divided by g?
12
Suppose j - 511 = 3*w + 302, 0 = 5*w + 2*j + 1366. Calculate the remainder when (1/2)/((-4)/w) is divided by (11 + -2 - -1) + 2.
10
Let b(o) = o**2 - o - 1. Let q be b(3). Suppose -q*g - 5 + 60 = 0. Let n = 3 - -1. What is the remainder when g is divided by n?
3
Suppose 18 = 6*j - 0. Suppose 5*y = 4*l - 63, -l + j*y + 69 = 4*l. What is the remainder when 33 is divided by l?
9
Let i = 22 - 17. Calculate the remainder when i is divided by 4.
1
Let r(z) be the third derivative of z**5/60 - z**4/12 - 2*z**2. What is the remainder when 29 is divided by r(4)?
5
Suppose 0 = 3*d + 4*j + 2 + 24, 2 = -j. Let l be d/27 + (-50)/18. What is the remainder when ((-27)/(-1))/(l - -4) is divided by 14?
13
Suppose 15*p - 32 = -p. Let f be 1 + 2/(0 + -2). Suppose p*a + j + 3 = 3*a, f = a - 5*j + 5. Calculate the remainder when a is divided by 4.
1
S